{"id":20061,"date":"2024-12-03T15:31:26","date_gmt":"2024-12-03T15:31:26","guid":{"rendered":"https:\/\/buenosairesmeguide.com\/?post_type=product&#038;p=20061"},"modified":"2026-03-11T19:55:17","modified_gmt":"2026-03-11T22:55:17","slug":"recoleta-atemporal-un-paseo-privado-por-la-historia-y-la-elegancia","status":"publish","type":"product","link":"https:\/\/buenosairesmeguide.com\/es\/producto\/recoleta-intemporel-balade-privee-au-coeur-de-lhistoire-et-de-lelegance\/","title":{"rendered":"Recoleta atemporal: un paseo privado por la historia y la elegancia"},"content":{"rendered":"<p>Descubra el encanto de uno de los barrios m\u00e1s elegantes y emblem\u00e1ticos de Buenos Aires: <strong>La Recoleta<\/strong>. En este recorrido explorar\u00e1 los tesoros hist\u00f3ricos, culturales y arquitect\u00f3nicos de este barrio aristocr\u00e1tico, conocido por su estilo europeo y su ambiente sofisticado.<\/p>\n<p>&nbsp;<\/p>\n<p><strong>Destacados<\/strong> :<\/p>\n<ul>\n<li>Visita al Cementerio de la Recoleta y sus mausoleos hist\u00f3ricos.<\/li>\n<li>Exploraci\u00f3n de la Bas\u00edlica de Nuestra Se\u00f1ora del Pilar.<\/li>\n<li>Descubrimiento cultural en la Plaza Francia y el Museo de Bellas Artes.<\/li>\n<li>Pasee por la elegante Avenida Alvear.<\/li>\n<\/ul>\n<p>&nbsp;<\/p>\n<p><strong>Informaci\u00f3n general :<\/strong><\/p>\n<ul>\n<li><strong>Cancelaci\u00f3n gratuita<\/strong><\/li>\n<li>Cancele hasta con 24 horas de antelaci\u00f3n y reciba un reembolso completo<\/li>\n<li><strong>Duraci\u00f3n 3 horas<\/strong><\/li>\n<li><strong>Gu\u00eda<\/strong><\/li>\n<li>Franc\u00e9s, ingl\u00e9s, espa\u00f1ol<\/li>\n<li><strong>Soporte :<\/strong> Desde el hotel<\/li>\n<li><strong>Torre privada<\/strong><\/li>\n<li>Un m\u00e1ximo de 5 participantes<\/li>\n<\/ul>","protected":false},"excerpt":{"rendered":"<p>D\u00e9couvrez le charme de l\u2019un des quartiers les plus \u00e9l\u00e9gants et embl\u00e9matiques de Buenos Aires : La Recoleta. Cette visite vous fera explorer les tr\u00e9sors historiques, culturels et architecturaux de ce quartier aristocratique, connu pour son style europ\u00e9en et son ambiance sophistiqu\u00e9e. &nbsp; Points forts : Visite du Cimeti\u00e8re de la Recoleta et de ses [&hellip;]<\/p>\n","protected":false},"featured_media":20406,"comment_status":"open","ping_status":"closed","template":"","meta":{"_et_pb_use_builder":"","_et_pb_old_content":"","_et_gb_content_width":""},"product_brand":[],"product_cat":[45],"product_tag":[80,79,76,77,78,75],"class_list":{"0":"post-20061","1":"product","2":"type-product","3":"status-publish","4":"has-post-thumbnail","6":"product_cat-sin-categorizar","7":"product_tag-avenida-alvear","8":"product_tag-buenos-aires-design","9":"product_tag-cementario-de-la-recoleta","10":"product_tag-evita-peron","11":"product_tag-plaza-francia","12":"product_tag-recoleta","14":"first","15":"instock","16":"sold-individually","17":"shipping-taxable","18":"purchasable","19":"product-type-simple"},"_links":{"self":[{"href":"https:\/\/buenosairesmeguide.com\/es\/wp-json\/wp\/v2\/product\/20061","targetHints":{"allow":["GET"]}}],"collection":[{"href":"https:\/\/buenosairesmeguide.com\/es\/wp-json\/wp\/v2\/product"}],"about":[{"href":"https:\/\/buenosairesmeguide.com\/es\/wp-json\/wp\/v2\/types\/product"}],"replies":[{"embeddable":true,"href":"https:\/\/buenosairesmeguide.com\/es\/wp-json\/wp\/v2\/comments?post=20061"}],"wp:featuredmedia":[{"embeddable":true,"href":"https:\/\/buenosairesmeguide.com\/es\/wp-json\/wp\/v2\/media\/20406"}],"wp:attachment":[{"href":"https:\/\/buenosairesmeguide.com\/es\/wp-json\/wp\/v2\/media?parent=20061"}],"wp:term":[{"taxonomy":"product_brand","embeddable":true,"href":"https:\/\/buenosairesmeguide.com\/es\/wp-json\/wp\/v2\/product_brand?post=20061"},{"taxonomy":"product_cat","embeddable":true,"href":"https:\/\/buenosairesmeguide.com\/es\/wp-json\/wp\/v2\/product_cat?post=20061"},{"taxonomy":"product_tag","embeddable":true,"href":"https:\/\/buenosairesmeguide.com\/es\/wp-json\/wp\/v2\/product_tag?post=20061"}],"curies":[{"name":"wp","href":"https:\/\/api.w.org\/{rel}","templated":true}]}}

<p>Descubra el encanto de uno de los barrios más elegantes y emblemáticos de Buenos Aires: <strong>La Recoleta</strong>. En este recorrido explorará los tesoros históricos, culturales y arquitectónicos de este barrio aristocrático, conocido por su estilo europeo y su ambiente sofisticado.</p>
<p>&nbsp;</p>
<p><strong>Destacados</strong> :</p>
<ul>
<li>Visita al Cementerio de la Recoleta y sus mausoleos históricos.</li>
<li>Exploración de la Basílica de Nuestra Señora del Pilar.</li>
<li>Descubrimiento cultural en la Plaza Francia y el Museo de Bellas Artes.</li>
<li>Pasee por la elegante Avenida Alvear.</li>
</ul>
<p>&nbsp;</p>
<p><strong>Información general :</strong></p>
<ul>
<li><strong>Cancelación gratuita</strong></li>
<li>Cancele hasta con 24 horas de antelación y reciba un reembolso completo</li>
<li><strong>Duración 3 horas</strong></li>
<li><strong>Guía</strong></li>
<li>Francés, inglés, español</li>
<li><strong>Soporte :</strong> Desde el hotel</li>
<li><strong>Torre privada</strong></li>
<li>Un máximo de 5 participantes</li>
</ul>

<p>Découvrez le charme de l’un des quartiers les plus élégants et emblématiques de Buenos Aires : La Recoleta. Cette visite vous fera explorer les trésors historiques, culturels et architecturaux de ce quartier aristocratique, connu pour son style européen et son ambiance sophistiquée. &nbsp; Points forts : Visite du Cimetière de la Recoleta et de ses [&hellip;]</p>
